{"id":452,"date":"2025-03-19T15:47:38","date_gmt":"2025-03-19T14:47:38","guid":{"rendered":"https:\/\/tohifu.de\/?page_id=452"},"modified":"2026-03-03T14:48:19","modified_gmt":"2026-03-03T13:48:19","slug":"jahresberichte","status":"publish","type":"page","link":"https:\/\/tohifu.de\/?page_id=452","title":{"rendered":"Jahresberichte"},"content":{"rendered":"<h1>Jahresberichte<\/h1>\n<div>\n<h3>2025<\/h3>\n<\/div>\n<p><a href=\"\/wp-content\/uploads\/2026\/03\/Jahresbericht-Tohifu-2025-final.pdf\"><img decoding=\"async\" src=\"\/wp-content\/uploads\/2026\/03\/DSC_3683.jpg\" alt=\"\"><\/a><\/p>\n<p><p>\n        <a href=\"\/wp-content\/uploads\/2026\/03\/Jahresbericht-Tohifu-2025-final.pdf\">Download<\/a>\n    <\/p>\n<\/p>\n<div>\n<h4>Spendenportal<\/h4>\n<\/div>\n<p><img decoding=\"async\" src=\"\/wp-content\/uploads\/2025\/06\/pax-bank1.png\" alt=\"\"><\/p>\n<div>\n<p>Beim Klick auf den Button SPENDEN werden Sie auf die Seite unseres Partners, der Pax-Bank f\u00fcr Kirche und Caritas in Paderborn weitergeleitet. Dort haben Sie die M\u00f6glichkeit, Ihre Spende verschiedenen Projekten unseres Vereins zuzuordnen. Wir bedanken uns schon jetzt f\u00fcr Ihre Hilfe!<\/p>\n<\/div>\n<p><p>\n        <a href=\"https:\/\/www.bkc-spendenportal.de\/organisation-checkout.html?id=44\">Spenden<\/a>\n    <\/p>\n<\/p>\n<hr>\n<p><img decoding=\"async\" src=\"\/wp-content\/uploads\/2025\/07\/spk-logo-druck.png\" alt=\"\"><\/p>\n<div>\n<div>TOGETHER \u2013 Hilfe f\u00fcr Uganda e.V.<\/div>\n<div>IBAN: DE50 5205 0353 1235 9000 00<\/div>\n<div>BIC: HELADEF1KAS<\/div>\n<\/div>\n<hr>\n<div>\n<h3>2024<\/h3>\n<\/div>\n<p><a href=\"\/wp-content\/uploads\/2025\/03\/Jahresbericht-Tohifu-2024_Druck_CMYK.pdf\"><img decoding=\"async\" src=\"\/wp-content\/uploads\/2025\/03\/Jahresbericht-Tohifu-2024_Druck_CMYK.jpg\" alt=\"\"><\/a><\/p>\n<p><p>\n        <a href=\"\/wp-content\/uploads\/2025\/03\/Jahresbericht-Tohifu-2024_Druck_CMYK.pdf\">Download<\/a>\n    <\/p>\n<\/p>\n<div>\n<h3>2023<\/h3>\n<\/div>\n<p><a href=\"\/wp-content\/uploads\/2025\/03\/Jahresbericht-Tohifu-2023-Stand-1.4.24.pdf\"><img decoding=\"async\" src=\"\/wp-content\/uploads\/2025\/03\/Jahresbericht-Tohifu-2023-Stand-1.4.24.jpg\" alt=\"\"><\/a><\/p>\n<p><p>\n        <a href=\"\/wp-content\/uploads\/2025\/03\/Jahresbericht-Tohifu-2023-Stand-1.4.24.pdf\">Download<\/a>\n    <\/p>\n<\/p>\n<div>\n<h3>2022<\/h3>\n<\/div>\n<p><a href=\"\/wp-content\/uploads\/2025\/03\/Jahresbericht-Tohifu-2022-8-Seiten.pdf\"><img decoding=\"async\" src=\"\/wp-content\/uploads\/2025\/03\/Jahresbericht-Tohifu-2022-8-Seiten.jpg\" alt=\"\"><\/a><\/p>\n<p><p>\n        <a href=\"\/wp-content\/uploads\/2025\/03\/Jahresbericht-Tohifu-2022-8-Seiten.pdf\">Download<\/a>\n    <\/p>\n<\/p>\n<div>\n<h3>2021<\/h3>\n<\/div>\n<p><a href=\"\/wp-content\/uploads\/2025\/03\/Jahresbericht-Tohifu-2021-8-Seiten-1.pdf\"><img decoding=\"async\" src=\"\/wp-content\/uploads\/2025\/03\/TOGETHER-Jahresbericht-2021.jpg\" alt=\"\"><\/a><\/p>\n<p><p>\n        <a href=\"\/wp-content\/uploads\/2025\/03\/Jahresbericht-Tohifu-2021-8-Seiten-1.pdf\">Download<\/a>\n    <\/p>\n<\/p>\n<div>\n<h3>2020<\/h3>\n<\/div>\n<p><a href=\"\/wp-content\/uploads\/2025\/03\/Jahresbericht_2020_Tohifu.pdf\"><img decoding=\"async\" src=\"\/wp-content\/uploads\/2025\/03\/Jahresbericht_2020_Tohifu.jpg\" alt=\"\"><\/a><\/p>\n<p><p>\n        <a href=\"\/wp-content\/uploads\/2025\/03\/Jahresbericht_2020_Tohifu.pdf\">Download<\/a>\n    <\/p>\n<\/p>\n<div>\n<h3>2019<\/h3>\n<\/div>\n<p><a href=\"\/wp-content\/uploads\/2025\/03\/Jahresbericht-2019-Tohifu-Druck.pdf\"><img decoding=\"async\" src=\"\/wp-content\/uploads\/2025\/03\/Jahresbericht-2019-Tohifu-Druck.jpg\" alt=\"\"><\/a><\/p>\n<p><p>\n        <a href=\"\/wp-content\/uploads\/2025\/03\/Jahresbericht-2019-Tohifu-Druck.pdf\">Download<\/a>\n    <\/p>\n<\/p>\n<p><p>\n        <a href=\"\/?page_id=388\">zur\u00fcck<\/a>\n    <\/p>\n<\/p>\n<p><!--more--><br \/>\n<!-- {\"type\":\"layout\",\"children\":[{\"type\":\"section\",\"props\":{\"header_transparent\":true,\"header_transparent_noplaceholder\":false,\"image\":\"wp-content\/uploads\/2025\/01\/Logo_Together_2025-Background.png\",\"image_effect\":\"fixed\",\"image_position\":\"center-center\",\"image_size\":\"contain\",\"media_overlay\":\"rgba(208, 204, 196, 0.85)\",\"style\":\"default\",\"title_breakpoint\":\"xl\",\"title_position\":\"top-left\",\"title_rotation\":\"left\",\"vertical_align\":\"middle\",\"width\":\"expand\"},\"children\":[{\"type\":\"row\",\"children\":[{\"type\":\"column\",\"props\":{\"image_position\":\"center-center\",\"position_sticky_breakpoint\":\"m\"},\"children\":[{\"type\":\"headline\",\"props\":{\"content\":\"Jahresberichte\",\"image_align\":\"left\",\"image_margin\":\"xsmall\",\"title_decoration\":\"line\",\"title_element\":\"h1\"}}]}]},{\"type\":\"row\",\"props\":{\"layout\":\"1-2,1-2\"},\"children\":[{\"type\":\"column\",\"props\":{\"image_position\":\"center-center\",\"position_sticky_breakpoint\":\"m\",\"width_medium\":\"1-2\"},\"children\":[{\"type\":\"text\",\"props\":{\"column_breakpoint\":\"m\",\"content\":\"\n\n<h3>2025<\/h3>\n\n\",\"margin_bottom\":\"default\",\"margin_top\":\"default\"}},{\"type\":\"image\",\"props\":{\"image\":\"wp-content\/uploads\/2026\/03\/DSC_3683.jpg\",\"image_svg_color\":\"emphasis\",\"link\":\"wp-content\/uploads\/2026\/03\/Jahresbericht-Tohifu-2025-final.pdf\",\"link_target\":true,\"margin_bottom\":\"default\",\"margin_top\":\"default\"}},{\"type\":\"button\",\"props\":{\"grid_column_gap\":\"small\",\"grid_row_gap\":\"small\",\"margin_bottom\":\"default\",\"margin_top\":\"default\",\"text_align\":\"center\"},\"children\":[{\"type\":\"button_item\",\"props\":{\"button_style\":\"primary\",\"content\":\"Download\",\"dialog_layout\":\"modal\",\"dialog_offcanvas_flip\":true,\"icon\":\"file-pdf\",\"icon_align\":\"left\",\"link\":\"wp-content\/uploads\/2026\/03\/Jahresbericht-Tohifu-2025-final.pdf\",\"link_target\":true}}]}]},{\"type\":\"column\",\"props\":{\"image_position\":\"center-center\",\"position_sticky_breakpoint\":\"m\",\"style\":\"card-secondary\",\"width_medium\":\"1-2\"},\"children\":[{\"type\":\"text\",\"props\":{\"column_breakpoint\":\"m\",\"content\":\"\n\n<h4>Spendenportal<\/h4>\n\n\",\"margin_bottom\":\"default\",\"margin_top\":\"default\"},\"name\":\"Spendenportal \u00dcberschrift\"},{\"type\":\"image\",\"props\":{\"image\":\"wp-content\/uploads\/2025\/06\/pax-bank1.png\",\"image_svg_color\":\"emphasis\",\"margin_bottom\":\"default\",\"margin_top\":\"default\"},\"name\":\"Pax-Bank Bild\"},{\"type\":\"text\",\"props\":{\"column_breakpoint\":\"m\",\"content\":\"\n\n<p>Beim Klick auf den Button SPENDEN werden Sie auf die Seite unseres Partners, der Pax-Bank f\u00fcr Kirche und Caritas in Paderborn weitergeleitet. Dort haben Sie die M\u00f6glichkeit, Ihre Spende verschiedenen Projekten unseres Vereins zuzuordnen. Wir bedanken uns schon jetzt f\u00fcr Ihre Hilfe!<\/p>\n\n\",\"margin_bottom\":\"default\",\"margin_top\":\"default\",\"text_style\":\"small\"},\"name\":\"Pax-Text\"},{\"type\":\"button\",\"props\":{\"button_size\":\"large\",\"grid_column_gap\":\"small\",\"grid_row_gap\":\"small\",\"margin_bottom\":\"default\",\"margin_top\":\"default\"},\"children\":[{\"type\":\"button_item\",\"props\":{\"button_style\":\"secondary\",\"content\":\"Spenden\",\"dialog_layout\":\"modal\",\"dialog_offcanvas_flip\":true,\"icon\":\"credit-card\",\"icon_align\":\"left\",\"link\":\"https:\/\/www.bkc-spendenportal.de\/organisation-checkout.html?id=44\",\"link_target\":true}}],\"name\":\"BCK Button\"},{\"type\":\"divider\",\"props\":{\"divider_element\":\"hr\"}},{\"type\":\"image\",\"props\":{\"image\":\"wp-content\/uploads\/2025\/07\/spk-logo-druck.png\",\"image_svg_color\":\"emphasis\",\"margin_bottom\":\"default\",\"margin_top\":\"default\"},\"name\":\"Kasseler Sparkasse\"},{\"type\":\"text\",\"props\":{\"column_breakpoint\":\"m\",\"content\":\"\n\n<div>TOGETHER \u2013 Hilfe f\u00fcr Uganda e.V.<\/div>\n\n\\n\n\n<div>IBAN: DE50 5205 0353 1235 9000 00<\/div>\n\n\\n\n\n<div>BIC: HELADEF1KAS<\/div>\n\n\",\"margin_bottom\":\"default\",\"margin_top\":\"default\",\"text_style\":\"small\"},\"name\":\"Kasseler Sparkasse Konto\"}]}]},{\"type\":\"row\",\"children\":[{\"type\":\"column\",\"props\":{\"image_position\":\"center-center\",\"position_sticky_breakpoint\":\"m\"},\"children\":[{\"type\":\"divider\",\"props\":{\"divider_element\":\"hr\",\"divider_style\":\"icon\"}}]}]},{\"type\":\"row\",\"children\":[{\"type\":\"column\",\"props\":{\"image_position\":\"center-center\",\"image_size\":\"cover\",\"position_sticky_breakpoint\":\"m\",\"width_medium\":\"1-3\"},\"children\":[{\"type\":\"text\",\"props\":{\"column_breakpoint\":\"m\",\"content\":\"\n\n<h3>2024<\/h3>\n\n\",\"margin_bottom\":\"default\",\"margin_top\":\"default\"}},{\"type\":\"image\",\"props\":{\"image\":\"wp-content\/uploads\/2025\/03\/Jahresbericht-Tohifu-2024_Druck_CMYK.jpg\",\"image_svg_color\":\"emphasis\",\"link\":\"wp-content\/uploads\/2025\/03\/Jahresbericht-Tohifu-2024_Druck_CMYK.pdf\",\"link_target\":true,\"margin_bottom\":\"default\",\"margin_top\":\"default\"}},{\"type\":\"button\",\"props\":{\"grid_column_gap\":\"small\",\"grid_row_gap\":\"small\",\"margin_bottom\":\"default\",\"margin_top\":\"default\",\"text_align\":\"center\"},\"children\":[{\"type\":\"button_item\",\"props\":{\"button_style\":\"primary\",\"content\":\"Download\",\"dialog_layout\":\"modal\",\"dialog_offcanvas_flip\":true,\"icon\":\"file-pdf\",\"icon_align\":\"left\",\"link\":\"wp-content\/uploads\/2025\/03\/Jahresbericht-Tohifu-2024_Druck_CMYK.pdf\",\"link_target\":true}}]}]},{\"type\":\"column\",\"props\":{\"image_position\":\"center-center\",\"position_sticky_breakpoint\":\"m\",\"width_medium\":\"1-3\"},\"children\":[{\"type\":\"text\",\"props\":{\"column_breakpoint\":\"m\",\"content\":\"\n\n<h3>2023<\/h3>\n\n\",\"margin_bottom\":\"default\",\"margin_top\":\"default\"}},{\"type\":\"image\",\"props\":{\"image\":\"wp-content\/uploads\/2025\/03\/Jahresbericht-Tohifu-2023-Stand-1.4.24.jpg\",\"image_svg_color\":\"emphasis\",\"link\":\"wp-content\/uploads\/2025\/03\/Jahresbericht-Tohifu-2023-Stand-1.4.24.pdf\",\"link_target\":true,\"margin_bottom\":\"default\",\"margin_top\":\"default\"}},{\"type\":\"button\",\"props\":{\"grid_column_gap\":\"small\",\"grid_row_gap\":\"small\",\"margin_bottom\":\"default\",\"margin_top\":\"default\",\"text_align\":\"center\"},\"children\":[{\"type\":\"button_item\",\"props\":{\"button_style\":\"primary\",\"content\":\"Download\",\"dialog_layout\":\"modal\",\"dialog_offcanvas_flip\":true,\"icon\":\"file-pdf\",\"icon_align\":\"left\",\"link\":\"wp-content\/uploads\/2025\/03\/Jahresbericht-Tohifu-2023-Stand-1.4.24.pdf\",\"link_target\":true}}]}]},{\"type\":\"column\",\"props\":{\"image_position\":\"center-center\",\"position_sticky_breakpoint\":\"m\",\"width_medium\":\"1-3\"},\"children\":[{\"type\":\"text\",\"props\":{\"column_breakpoint\":\"m\",\"content\":\"\n\n<h3>2022<\/h3>\n\n\",\"margin_bottom\":\"default\",\"margin_top\":\"default\"}},{\"type\":\"image\",\"props\":{\"image\":\"wp-content\/uploads\/2025\/03\/Jahresbericht-Tohifu-2022-8-Seiten.jpg\",\"image_svg_color\":\"emphasis\",\"link\":\"wp-content\/uploads\/2025\/03\/Jahresbericht-Tohifu-2022-8-Seiten.pdf\",\"link_target\":true,\"margin_bottom\":\"default\",\"margin_top\":\"default\"}},{\"type\":\"button\",\"props\":{\"grid_column_gap\":\"small\",\"grid_row_gap\":\"small\",\"margin_bottom\":\"default\",\"margin_top\":\"default\",\"text_align\":\"center\"},\"children\":[{\"type\":\"button_item\",\"props\":{\"button_style\":\"primary\",\"content\":\"Download\",\"dialog_layout\":\"modal\",\"dialog_offcanvas_flip\":true,\"icon\":\"file-pdf\",\"icon_align\":\"left\",\"link\":\"wp-content\/uploads\/2025\/03\/Jahresbericht-Tohifu-2022-8-Seiten.pdf\",\"link_target\":true}}]}]}],\"props\":{\"divider\":true,\"layout\":\"1-3,1-3,1-3\",\"parallax\":true}},{\"type\":\"row\",\"props\":{\"layout\":\"1-3,1-3,1-3\",\"parallax\":true},\"children\":[{\"type\":\"column\",\"props\":{\"image_position\":\"center-center\",\"position_sticky_breakpoint\":\"m\",\"width_medium\":\"1-3\"},\"children\":[{\"type\":\"text\",\"props\":{\"column_breakpoint\":\"m\",\"content\":\"\n\n<h3>2021<\/h3>\n\n\",\"margin_bottom\":\"default\",\"margin_top\":\"default\"}},{\"type\":\"image\",\"props\":{\"image\":\"wp-content\/uploads\/2025\/03\/TOGETHER-Jahresbericht-2021.jpg\",\"image_svg_color\":\"emphasis\",\"link\":\"wp-content\/uploads\/2025\/03\/Jahresbericht-Tohifu-2021-8-Seiten-1.pdf\",\"link_target\":true,\"margin_bottom\":\"default\",\"margin_top\":\"default\"}},{\"type\":\"button\",\"props\":{\"grid_column_gap\":\"small\",\"grid_row_gap\":\"small\",\"margin_bottom\":\"default\",\"margin_top\":\"default\",\"text_align\":\"center\"},\"children\":[{\"type\":\"button_item\",\"props\":{\"button_style\":\"primary\",\"content\":\"Download\",\"dialog_layout\":\"modal\",\"dialog_offcanvas_flip\":true,\"icon\":\"file-pdf\",\"icon_align\":\"left\",\"link\":\"wp-content\/uploads\/2025\/03\/Jahresbericht-Tohifu-2021-8-Seiten-1.pdf\",\"link_target\":true}}]}]},{\"type\":\"column\",\"props\":{\"image_position\":\"center-center\",\"position_sticky_breakpoint\":\"m\",\"width_medium\":\"1-3\"},\"children\":[{\"type\":\"text\",\"props\":{\"column_breakpoint\":\"m\",\"content\":\"\n\n<h3>2020<\/h3>\n\n\",\"margin_bottom\":\"default\",\"margin_top\":\"default\"}},{\"type\":\"image\",\"props\":{\"image\":\"wp-content\/uploads\/2025\/03\/Jahresbericht_2020_Tohifu.jpg\",\"image_svg_color\":\"emphasis\",\"link\":\"wp-content\/uploads\/2025\/03\/Jahresbericht_2020_Tohifu.pdf\",\"link_target\":true,\"margin_bottom\":\"default\",\"margin_top\":\"default\"}},{\"type\":\"button\",\"props\":{\"grid_column_gap\":\"small\",\"grid_row_gap\":\"small\",\"margin_bottom\":\"default\",\"margin_top\":\"default\",\"text_align\":\"center\"},\"children\":[{\"type\":\"button_item\",\"props\":{\"button_style\":\"primary\",\"content\":\"Download\",\"dialog_layout\":\"modal\",\"dialog_offcanvas_flip\":true,\"icon\":\"file-pdf\",\"icon_align\":\"left\",\"link\":\"wp-content\/uploads\/2025\/03\/Jahresbericht_2020_Tohifu.pdf\",\"link_target\":true}}]}]},{\"type\":\"column\",\"props\":{\"image_position\":\"center-center\",\"position_sticky_breakpoint\":\"m\",\"width_medium\":\"1-3\"},\"children\":[{\"type\":\"text\",\"props\":{\"column_breakpoint\":\"m\",\"content\":\"\n\n<h3>2019<\/h3>\n\n\",\"margin_bottom\":\"default\",\"margin_top\":\"default\"}},{\"type\":\"image\",\"props\":{\"image\":\"wp-content\/uploads\/2025\/03\/Jahresbericht-2019-Tohifu-Druck.jpg\",\"image_svg_color\":\"emphasis\",\"link\":\"wp-content\/uploads\/2025\/03\/Jahresbericht-2019-Tohifu-Druck.pdf\",\"link_target\":true,\"margin_bottom\":\"default\",\"margin_top\":\"default\"}},{\"type\":\"button\",\"props\":{\"grid_column_gap\":\"small\",\"grid_row_gap\":\"small\",\"margin_bottom\":\"default\",\"margin_top\":\"default\",\"text_align\":\"center\"},\"children\":[{\"type\":\"button_item\",\"props\":{\"button_style\":\"primary\",\"content\":\"Download\",\"dialog_layout\":\"modal\",\"dialog_offcanvas_flip\":true,\"icon\":\"file-pdf\",\"icon_align\":\"left\",\"link\":\"wp-content\/uploads\/2025\/03\/Jahresbericht-2019-Tohifu-Druck.pdf\",\"link_target\":true}}]}]}]},{\"type\":\"row\",\"children\":[{\"type\":\"column\",\"props\":{\"image_position\":\"center-center\",\"position_sticky_breakpoint\":\"m\"},\"children\":[{\"type\":\"button\",\"props\":{\"grid_column_gap\":\"small\",\"grid_row_gap\":\"small\",\"margin_bottom\":\"default\",\"margin_top\":\"default\"},\"children\":[{\"type\":\"button_item\",\"props\":{\"button_style\":\"secondary\",\"content\":\"zur\u00fcck\",\"dialog_layout\":\"modal\",\"dialog_offcanvas_flip\":true,\"icon\":\"reply\",\"icon_align\":\"left\",\"link\":\"?page_id=388\"}}],\"name\":\"zur\u00fcck Startseite Button\"}]}]}],\"name\":\"TOGETHER \u2022 Leitbild - Vorlage\"}],\"version\":\"5.0.18\"} --><\/p>\n","protected":false},"excerpt":{"rendered":"<p>Jahresberichte 2025 Download Spendenportal Beim Klick auf den Button SPENDEN werden Sie auf die Seite unseres Partners, der Pax-Bank f\u00fcr Kirche und Caritas in Paderborn weitergeleitet. Dort haben Sie die M\u00f6glichkeit, Ihre Spende verschiedenen Projekten unseres Vereins zuzuordnen. Wir bedanken uns schon jetzt f\u00fcr Ihre Hilfe! Spenden TOGETHER \u2013 Hilfe f\u00fcr Uganda e.V. IBAN: DE50 [&hellip;]<\/p>\n","protected":false},"author":1,"featured_media":0,"parent":0,"menu_order":0,"comment_status":"closed","ping_status":"closed","template":"","meta":{"footnotes":""},"class_list":["post-452","page","type-page","status-publish","hentry"],"_links":{"self":[{"href":"https:\/\/tohifu.de\/index.php?rest_route=\/wp\/v2\/pages\/452","targetHints":{"allow":["GET"]}}],"collection":[{"href":"https:\/\/tohifu.de\/index.php?rest_route=\/wp\/v2\/pages"}],"about":[{"href":"https:\/\/tohifu.de\/index.php?rest_route=\/wp\/v2\/types\/page"}],"author":[{"embeddable":true,"href":"https:\/\/tohifu.de\/index.php?rest_route=\/wp\/v2\/users\/1"}],"replies":[{"embeddable":true,"href":"https:\/\/tohifu.de\/index.php?rest_route=%2Fwp%2Fv2%2Fcomments&post=452"}],"version-history":[{"count":66,"href":"https:\/\/tohifu.de\/index.php?rest_route=\/wp\/v2\/pages\/452\/revisions"}],"predecessor-version":[{"id":1582,"href":"https:\/\/tohifu.de\/index.php?rest_route=\/wp\/v2\/pages\/452\/revisions\/1582"}],"wp:attachment":[{"href":"https:\/\/tohifu.de\/index.php?rest_route=%2Fwp%2Fv2%2Fmedia&parent=452"}],"curies":[{"name":"wp","href":"https:\/\/api.w.org\/{rel}","templated":true}]}}